{"id":486,"date":"2024-10-29T12:11:43","date_gmt":"2024-10-29T11:11:43","guid":{"rendered":"https:\/\/spunkycrows.be\/?page_id=486"},"modified":"2024-12-11T16:31:24","modified_gmt":"2024-12-11T15:31:24","slug":"balade-les-lucioles","status":"publish","type":"page","link":"https:\/\/spunkycrows.be\/?page_id=486","title":{"rendered":"Balade \u00ab\u00a0Les Lucioles\u00a0\u00bb"},"content":{"rendered":"<p>Cette fois-l\u00e0 c&rsquo;\u00e9tait au tour de l&rsquo;association \u00ab\u00a0Les lucioles asbl\u00a0\u00bb de se faire aider par surprise par les Spunky ! <\/p><p>Apr\u00e8s plusieurs contacts avec la direction de l&rsquo;\u00e9tablissement qui, rappelons le, est un milieu d&rsquo;accueil inclusif ayant pour finalit\u00e9 principale la prise en charge quotidienne des enfants en situation de handicap et des enfants \u00ab\u00a0valides\u00a0\u00bb en r\u00e9pondant au mieux \u00e0 leurs besoins, nous organisons une journ\u00e9e et une balade moto afin d&rsquo;offrir une aide financi\u00e8re pour aider le centre aux valeurs qui nous sont ch\u00e8res.<\/p><figure class=\"wp-block-gallery has-nested-images columns-default is-cropped wp-block-gallery-1 is-layout-flex wp-block-gallery-is-layout-flex\"><figure class=\"wp-block-image size-large\"><img data-recalc-dims=\"1\" loading=\"lazy\" decoding=\"async\" width=\"525\" height=\"743\" data-id=\"487\" src=\"https:\/\/i0.wp.com\/spunkycrows.be\/wp-content\/uploads\/2024\/10\/6918fd91-ad3f-4f2c-91ab-b4301c9c1ed2-724x1024.jpg?resize=525%2C743&#038;ssl=1\" alt=\"\" class=\"wp-image-487\" srcset=\"https:\/\/i0.wp.com\/spunkycrows.be\/wp-content\/uploads\/2024\/10\/6918fd91-ad3f-4f2c-91ab-b4301c9c1ed2.jpg?resize=724%2C1024&amp;ssl=1 724w, https:\/\/i0.wp.com\/spunkycrows.be\/wp-content\/uploads\/2024\/10\/6918fd91-ad3f-4f2c-91ab-b4301c9c1ed2.jpg?resize=212%2C300&amp;ssl=1 212w, https:\/\/i0.wp.com\/spunkycrows.be\/wp-content\/uploads\/2024\/10\/6918fd91-ad3f-4f2c-91ab-b4301c9c1ed2.jpg?resize=768%2C1086&amp;ssl=1 768w, https:\/\/i0.wp.com\/spunkycrows.be\/wp-content\/uploads\/2024\/10\/6918fd91-ad3f-4f2c-91ab-b4301c9c1ed2.jpg?resize=1086%2C1536&amp;ssl=1 1086w, https:\/\/i0.wp.com\/spunkycrows.be\/wp-content\/uploads\/2024\/10\/6918fd91-ad3f-4f2c-91ab-b4301c9c1ed2.jpg?resize=350%2C495&amp;ssl=1 350w, https:\/\/i0.wp.com\/spunkycrows.be\/wp-content\/uploads\/2024\/10\/6918fd91-ad3f-4f2c-91ab-b4301c9c1ed2.jpg?w=1414&amp;ssl=1 1414w\" sizes=\"auto, (max-width: 525px) 100vw, 525px\" \/><\/figure><\/figure><figure class=\"wp-block-image size-large\"><img data-recalc-dims=\"1\" loading=\"lazy\" decoding=\"async\" width=\"525\" height=\"230\" src=\"https:\/\/i0.wp.com\/spunkycrows.be\/wp-content\/uploads\/2024\/10\/323cb680-f985-4ae1-afdc-bc8496729da5-1024x449.jpg?resize=525%2C230&#038;ssl=1\" alt=\"\" class=\"wp-image-526\" srcset=\"https:\/\/i0.wp.com\/spunkycrows.be\/wp-content\/uploads\/2024\/10\/323cb680-f985-4ae1-afdc-bc8496729da5.jpg?resize=1024%2C449&amp;ssl=1 1024w, https:\/\/i0.wp.com\/spunkycrows.be\/wp-content\/uploads\/2024\/10\/323cb680-f985-4ae1-afdc-bc8496729da5.jpg?resize=300%2C131&amp;ssl=1 300w, https:\/\/i0.wp.com\/spunkycrows.be\/wp-content\/uploads\/2024\/10\/323cb680-f985-4ae1-afdc-bc8496729da5.jpg?resize=768%2C336&amp;ssl=1 768w, https:\/\/i0.wp.com\/spunkycrows.be\/wp-content\/uploads\/2024\/10\/323cb680-f985-4ae1-afdc-bc8496729da5.jpg?resize=1536%2C673&amp;ssl=1 1536w, https:\/\/i0.wp.com\/spunkycrows.be\/wp-content\/uploads\/2024\/10\/323cb680-f985-4ae1-afdc-bc8496729da5.jpg?resize=350%2C153&amp;ssl=1 350w, https:\/\/i0.wp.com\/spunkycrows.be\/wp-content\/uploads\/2024\/10\/323cb680-f985-4ae1-afdc-bc8496729da5.jpg?w=1600&amp;ssl=1 1600w\" sizes=\"auto, (max-width: 706px) 89vw, (max-width: 767px) 82vw, 740px\" \/><\/figure><figure class=\"wp-block-gallery has-nested-images columns-default is-cropped wp-block-gallery-2 is-layout-flex wp-block-gallery-is-layout-flex\"><div class=\"wp-block-image\"><figure class=\"aligncenter size-large\"><img data-recalc-dims=\"1\" loading=\"lazy\" decoding=\"async\" width=\"525\" height=\"394\" data-id=\"511\" src=\"https:\/\/i0.wp.com\/spunkycrows.be\/wp-content\/uploads\/2024\/10\/da7a76da-0e96-487f-ba20-9fd3bd766895-1.jpg?resize=525%2C394&#038;ssl=1\" alt=\"\" class=\"wp-image-511\" srcset=\"https:\/\/i0.wp.com\/spunkycrows.be\/wp-content\/uploads\/2024\/10\/da7a76da-0e96-487f-ba20-9fd3bd766895-1.jpg?w=1024&amp;ssl=1 1024w, https:\/\/i0.wp.com\/spunkycrows.be\/wp-content\/uploads\/2024\/10\/da7a76da-0e96-487f-ba20-9fd3bd766895-1.jpg?resize=300%2C225&amp;ssl=1 300w, https:\/\/i0.wp.com\/spunkycrows.be\/wp-content\/uploads\/2024\/10\/da7a76da-0e96-487f-ba20-9fd3bd766895-1.jpg?resize=768%2C576&amp;ssl=1 768w, https:\/\/i0.wp.com\/spunkycrows.be\/wp-content\/uploads\/2024\/10\/da7a76da-0e96-487f-ba20-9fd3bd766895-1.jpg?resize=350%2C263&amp;ssl=1 350w\" sizes=\"auto, (max-width: 706px) 89vw, (max-width: 767px) 82vw, 740px\" \/><\/figure><\/div>\n\n<figure class=\"wp-block-image size-large\"><img data-recalc-dims=\"1\" loading=\"lazy\" decoding=\"async\" width=\"525\" height=\"394\" data-id=\"524\" src=\"https:\/\/i0.wp.com\/spunkycrows.be\/wp-content\/uploads\/2024\/10\/eb22936a-e8d5-4e2f-b68a-f10cb5dacb5c-1024x768.jpg?resize=525%2C394&#038;ssl=1\" alt=\"\" class=\"wp-image-524\" srcset=\"https:\/\/i0.wp.com\/spunkycrows.be\/wp-content\/uploads\/2024\/10\/eb22936a-e8d5-4e2f-b68a-f10cb5dacb5c.jpg?resize=1024%2C768&amp;ssl=1 1024w, https:\/\/i0.wp.com\/spunkycrows.be\/wp-content\/uploads\/2024\/10\/eb22936a-e8d5-4e2f-b68a-f10cb5dacb5c.jpg?resize=300%2C225&amp;ssl=1 300w, https:\/\/i0.wp.com\/spunkycrows.be\/wp-content\/uploads\/2024\/10\/eb22936a-e8d5-4e2f-b68a-f10cb5dacb5c.jpg?resize=768%2C576&amp;ssl=1 768w, https:\/\/i0.wp.com\/spunkycrows.be\/wp-content\/uploads\/2024\/10\/eb22936a-e8d5-4e2f-b68a-f10cb5dacb5c.jpg?resize=1536%2C1152&amp;ssl=1 1536w, https:\/\/i0.wp.com\/spunkycrows.be\/wp-content\/uploads\/2024\/10\/eb22936a-e8d5-4e2f-b68a-f10cb5dacb5c.jpg?resize=350%2C263&amp;ssl=1 350w, https:\/\/i0.wp.com\/spunkycrows.be\/wp-content\/uploads\/2024\/10\/eb22936a-e8d5-4e2f-b68a-f10cb5dacb5c.jpg?w=1600&amp;ssl=1 1600w\" sizes=\"auto, (max-width: 706px) 89vw, (max-width: 767px) 82vw, 740px\" \/><\/figure>\n\n<figure class=\"wp-block-image size-large\"><img data-recalc-dims=\"1\" loading=\"lazy\" decoding=\"async\" width=\"525\" height=\"295\" data-id=\"521\" src=\"https:\/\/i0.wp.com\/spunkycrows.be\/wp-content\/uploads\/2024\/10\/4d7f0a33-b3ca-4680-a4e5-f2979e4d1074-1-1024x576.jpg?resize=525%2C295&#038;ssl=1\" alt=\"\" class=\"wp-image-521\" srcset=\"https:\/\/i0.wp.com\/spunkycrows.be\/wp-content\/uploads\/2024\/10\/4d7f0a33-b3ca-4680-a4e5-f2979e4d1074-1.jpg?resize=1024%2C576&amp;ssl=1 1024w, https:\/\/i0.wp.com\/spunkycrows.be\/wp-content\/uploads\/2024\/10\/4d7f0a33-b3ca-4680-a4e5-f2979e4d1074-1.jpg?resize=300%2C169&amp;ssl=1 300w, https:\/\/i0.wp.com\/spunkycrows.be\/wp-content\/uploads\/2024\/10\/4d7f0a33-b3ca-4680-a4e5-f2979e4d1074-1.jpg?resize=768%2C432&amp;ssl=1 768w, https:\/\/i0.wp.com\/spunkycrows.be\/wp-content\/uploads\/2024\/10\/4d7f0a33-b3ca-4680-a4e5-f2979e4d1074-1.jpg?resize=1536%2C864&amp;ssl=1 1536w, https:\/\/i0.wp.com\/spunkycrows.be\/wp-content\/uploads\/2024\/10\/4d7f0a33-b3ca-4680-a4e5-f2979e4d1074-1.jpg?resize=350%2C197&amp;ssl=1 350w, https:\/\/i0.wp.com\/spunkycrows.be\/wp-content\/uploads\/2024\/10\/4d7f0a33-b3ca-4680-a4e5-f2979e4d1074-1.jpg?w=1920&amp;ssl=1 1920w\" sizes=\"auto, (max-width: 706px) 89vw, (max-width: 767px) 82vw, 740px\" \/><\/figure>\n\n<figure class=\"wp-block-image size-large\"><img data-recalc-dims=\"1\" loading=\"lazy\" decoding=\"async\" width=\"525\" height=\"736\" data-id=\"514\" src=\"https:\/\/i0.wp.com\/spunkycrows.be\/wp-content\/uploads\/2024\/10\/e6cd8d24-8d1b-47ab-88fc-c4e887fcc4c2-730x1024.jpg?resize=525%2C736&#038;ssl=1\" alt=\"\" class=\"wp-image-514\" srcset=\"https:\/\/i0.wp.com\/spunkycrows.be\/wp-content\/uploads\/2024\/10\/e6cd8d24-8d1b-47ab-88fc-c4e887fcc4c2.jpg?resize=730%2C1024&amp;ssl=1 730w, https:\/\/i0.wp.com\/spunkycrows.be\/wp-content\/uploads\/2024\/10\/e6cd8d24-8d1b-47ab-88fc-c4e887fcc4c2.jpg?resize=214%2C300&amp;ssl=1 214w, https:\/\/i0.wp.com\/spunkycrows.be\/wp-content\/uploads\/2024\/10\/e6cd8d24-8d1b-47ab-88fc-c4e887fcc4c2.jpg?resize=768%2C1078&amp;ssl=1 768w, https:\/\/i0.wp.com\/spunkycrows.be\/wp-content\/uploads\/2024\/10\/e6cd8d24-8d1b-47ab-88fc-c4e887fcc4c2.jpg?resize=350%2C491&amp;ssl=1 350w, https:\/\/i0.wp.com\/spunkycrows.be\/wp-content\/uploads\/2024\/10\/e6cd8d24-8d1b-47ab-88fc-c4e887fcc4c2.jpg?w=903&amp;ssl=1 903w\" sizes=\"auto, (max-width: 525px) 100vw, 525px\" \/><\/figure>\n\n<figure class=\"wp-block-image size-large\"><img data-recalc-dims=\"1\" loading=\"lazy\" decoding=\"async\" width=\"525\" height=\"933\" data-id=\"520\" src=\"https:\/\/i0.wp.com\/spunkycrows.be\/wp-content\/uploads\/2024\/10\/c17d23b3-0e9b-4176-ba88-15a86fc29a0d-1-576x1024.jpg?resize=525%2C933&#038;ssl=1\" alt=\"\" class=\"wp-image-520\" srcset=\"https:\/\/i0.wp.com\/spunkycrows.be\/wp-content\/uploads\/2024\/10\/c17d23b3-0e9b-4176-ba88-15a86fc29a0d-1.jpg?resize=576%2C1024&amp;ssl=1 576w, https:\/\/i0.wp.com\/spunkycrows.be\/wp-content\/uploads\/2024\/10\/c17d23b3-0e9b-4176-ba88-15a86fc29a0d-1.jpg?resize=169%2C300&amp;ssl=1 169w, https:\/\/i0.wp.com\/spunkycrows.be\/wp-content\/uploads\/2024\/10\/c17d23b3-0e9b-4176-ba88-15a86fc29a0d-1.jpg?resize=768%2C1365&amp;ssl=1 768w, https:\/\/i0.wp.com\/spunkycrows.be\/wp-content\/uploads\/2024\/10\/c17d23b3-0e9b-4176-ba88-15a86fc29a0d-1.jpg?resize=864%2C1536&amp;ssl=1 864w, https:\/\/i0.wp.com\/spunkycrows.be\/wp-content\/uploads\/2024\/10\/c17d23b3-0e9b-4176-ba88-15a86fc29a0d-1.jpg?resize=350%2C622&amp;ssl=1 350w, https:\/\/i0.wp.com\/spunkycrows.be\/wp-content\/uploads\/2024\/10\/c17d23b3-0e9b-4176-ba88-15a86fc29a0d-1.jpg?w=1080&amp;ssl=1 1080w\" sizes=\"auto, (max-width: 525px) 100vw, 525px\" \/><\/figure>\n\n<figure class=\"wp-block-image size-large\"><img data-recalc-dims=\"1\" loading=\"lazy\" decoding=\"async\" width=\"525\" height=\"772\" data-id=\"512\" src=\"https:\/\/i0.wp.com\/spunkycrows.be\/wp-content\/uploads\/2024\/10\/e76059d6-dc90-4950-8539-b9201807284d-696x1024.jpg?resize=525%2C772&#038;ssl=1\" alt=\"\" class=\"wp-image-512\" srcset=\"https:\/\/i0.wp.com\/spunkycrows.be\/wp-content\/uploads\/2024\/10\/e76059d6-dc90-4950-8539-b9201807284d.jpg?resize=696%2C1024&amp;ssl=1 696w, https:\/\/i0.wp.com\/spunkycrows.be\/wp-content\/uploads\/2024\/10\/e76059d6-dc90-4950-8539-b9201807284d.jpg?resize=204%2C300&amp;ssl=1 204w, https:\/\/i0.wp.com\/spunkycrows.be\/wp-content\/uploads\/2024\/10\/e76059d6-dc90-4950-8539-b9201807284d.jpg?resize=768%2C1130&amp;ssl=1 768w, https:\/\/i0.wp.com\/spunkycrows.be\/wp-content\/uploads\/2024\/10\/e76059d6-dc90-4950-8539-b9201807284d.jpg?resize=350%2C515&amp;ssl=1 350w, https:\/\/i0.wp.com\/spunkycrows.be\/wp-content\/uploads\/2024\/10\/e76059d6-dc90-4950-8539-b9201807284d.jpg?w=810&amp;ssl=1 810w\" sizes=\"auto, (max-width: 525px) 100vw, 525px\" \/><\/figure>\n\n<figure class=\"wp-block-image size-large\"><img data-recalc-dims=\"1\" loading=\"lazy\" decoding=\"async\" width=\"525\" height=\"933\" data-id=\"519\" src=\"https:\/\/i0.wp.com\/spunkycrows.be\/wp-content\/uploads\/2024\/10\/0853c979-b333-4d24-833e-47196f65f742-1-576x1024.jpg?resize=525%2C933&#038;ssl=1\" alt=\"\" class=\"wp-image-519\" srcset=\"https:\/\/i0.wp.com\/spunkycrows.be\/wp-content\/uploads\/2024\/10\/0853c979-b333-4d24-833e-47196f65f742-1.jpg?resize=576%2C1024&amp;ssl=1 576w, https:\/\/i0.wp.com\/spunkycrows.be\/wp-content\/uploads\/2024\/10\/0853c979-b333-4d24-833e-47196f65f742-1.jpg?resize=169%2C300&amp;ssl=1 169w, https:\/\/i0.wp.com\/spunkycrows.be\/wp-content\/uploads\/2024\/10\/0853c979-b333-4d24-833e-47196f65f742-1.jpg?resize=768%2C1365&amp;ssl=1 768w, https:\/\/i0.wp.com\/spunkycrows.be\/wp-content\/uploads\/2024\/10\/0853c979-b333-4d24-833e-47196f65f742-1.jpg?resize=864%2C1536&amp;ssl=1 864w, https:\/\/i0.wp.com\/spunkycrows.be\/wp-content\/uploads\/2024\/10\/0853c979-b333-4d24-833e-47196f65f742-1.jpg?resize=350%2C622&amp;ssl=1 350w, https:\/\/i0.wp.com\/spunkycrows.be\/wp-content\/uploads\/2024\/10\/0853c979-b333-4d24-833e-47196f65f742-1.jpg?w=1080&amp;ssl=1 1080w\" sizes=\"auto, (max-width: 525px) 100vw, 525px\" \/><\/figure>\n\n<figure class=\"wp-block-image size-large\"><img data-recalc-dims=\"1\" loading=\"lazy\" decoding=\"async\" width=\"525\" height=\"236\" data-id=\"513\" src=\"https:\/\/i0.wp.com\/spunkycrows.be\/wp-content\/uploads\/2024\/10\/38940ee0-d4bd-4ee8-bb8a-008da2cfe152-1-1024x461.jpg?resize=525%2C236&#038;ssl=1\" alt=\"\" class=\"wp-image-513\" srcset=\"https:\/\/i0.wp.com\/spunkycrows.be\/wp-content\/uploads\/2024\/10\/38940ee0-d4bd-4ee8-bb8a-008da2cfe152-1.jpg?resize=1024%2C461&amp;ssl=1 1024w, https:\/\/i0.wp.com\/spunkycrows.be\/wp-content\/uploads\/2024\/10\/38940ee0-d4bd-4ee8-bb8a-008da2cfe152-1.jpg?resize=300%2C135&amp;ssl=1 300w, https:\/\/i0.wp.com\/spunkycrows.be\/wp-content\/uploads\/2024\/10\/38940ee0-d4bd-4ee8-bb8a-008da2cfe152-1.jpg?resize=768%2C345&amp;ssl=1 768w, https:\/\/i0.wp.com\/spunkycrows.be\/wp-content\/uploads\/2024\/10\/38940ee0-d4bd-4ee8-bb8a-008da2cfe152-1.jpg?resize=1536%2C691&amp;ssl=1 1536w, https:\/\/i0.wp.com\/spunkycrows.be\/wp-content\/uploads\/2024\/10\/38940ee0-d4bd-4ee8-bb8a-008da2cfe152-1.jpg?resize=350%2C157&amp;ssl=1 350w, https:\/\/i0.wp.com\/spunkycrows.be\/wp-content\/uploads\/2024\/10\/38940ee0-d4bd-4ee8-bb8a-008da2cfe152-1.jpg?w=2048&amp;ssl=1 2048w\" sizes=\"auto, (max-width: 706px) 89vw, (max-width: 767px) 82vw, 740px\" \/><\/figure>\n\n<figure class=\"wp-block-image size-large\"><img data-recalc-dims=\"1\" loading=\"lazy\" decoding=\"async\" width=\"525\" height=\"933\" data-id=\"515\" src=\"https:\/\/i0.wp.com\/spunkycrows.be\/wp-content\/uploads\/2024\/10\/a012e833-2db8-4318-b973-c5cdea655a13-1-576x1024.jpg?resize=525%2C933&#038;ssl=1\" alt=\"\" class=\"wp-image-515\" srcset=\"https:\/\/i0.wp.com\/spunkycrows.be\/wp-content\/uploads\/2024\/10\/a012e833-2db8-4318-b973-c5cdea655a13-1.jpg?resize=576%2C1024&amp;ssl=1 576w, https:\/\/i0.wp.com\/spunkycrows.be\/wp-content\/uploads\/2024\/10\/a012e833-2db8-4318-b973-c5cdea655a13-1.jpg?resize=169%2C300&amp;ssl=1 169w, https:\/\/i0.wp.com\/spunkycrows.be\/wp-content\/uploads\/2024\/10\/a012e833-2db8-4318-b973-c5cdea655a13-1.jpg?resize=768%2C1365&amp;ssl=1 768w, https:\/\/i0.wp.com\/spunkycrows.be\/wp-content\/uploads\/2024\/10\/a012e833-2db8-4318-b973-c5cdea655a13-1.jpg?resize=864%2C1536&amp;ssl=1 864w, https:\/\/i0.wp.com\/spunkycrows.be\/wp-content\/uploads\/2024\/10\/a012e833-2db8-4318-b973-c5cdea655a13-1.jpg?resize=350%2C622&amp;ssl=1 350w, https:\/\/i0.wp.com\/spunkycrows.be\/wp-content\/uploads\/2024\/10\/a012e833-2db8-4318-b973-c5cdea655a13-1.jpg?w=1080&amp;ssl=1 1080w\" sizes=\"auto, (max-width: 525px) 100vw, 525px\" \/><\/figure>\n\n<figure class=\"wp-block-image size-large\"><img data-recalc-dims=\"1\" loading=\"lazy\" decoding=\"async\" width=\"525\" height=\"726\" data-id=\"517\" src=\"https:\/\/i0.wp.com\/spunkycrows.be\/wp-content\/uploads\/2024\/10\/e7565c8a-b582-4a70-8cfe-8e0aae6e4524-740x1024.jpg?resize=525%2C726&#038;ssl=1\" alt=\"\" class=\"wp-image-517\" srcset=\"https:\/\/i0.wp.com\/spunkycrows.be\/wp-content\/uploads\/2024\/10\/e7565c8a-b582-4a70-8cfe-8e0aae6e4524.jpg?resize=740%2C1024&amp;ssl=1 740w, https:\/\/i0.wp.com\/spunkycrows.be\/wp-content\/uploads\/2024\/10\/e7565c8a-b582-4a70-8cfe-8e0aae6e4524.jpg?resize=217%2C300&amp;ssl=1 217w, https:\/\/i0.wp.com\/spunkycrows.be\/wp-content\/uploads\/2024\/10\/e7565c8a-b582-4a70-8cfe-8e0aae6e4524.jpg?resize=768%2C1063&amp;ssl=1 768w, https:\/\/i0.wp.com\/spunkycrows.be\/wp-content\/uploads\/2024\/10\/e7565c8a-b582-4a70-8cfe-8e0aae6e4524.jpg?resize=350%2C484&amp;ssl=1 350w, https:\/\/i0.wp.com\/spunkycrows.be\/wp-content\/uploads\/2024\/10\/e7565c8a-b582-4a70-8cfe-8e0aae6e4524.jpg?w=851&amp;ssl=1 851w\" sizes=\"auto, (max-width: 706px) 89vw, (max-width: 767px) 82vw, 740px\" \/><\/figure>\n\n<figure class=\"wp-block-image size-large\"><img data-recalc-dims=\"1\" loading=\"lazy\" decoding=\"async\" width=\"525\" height=\"395\" data-id=\"523\" src=\"https:\/\/i0.wp.com\/spunkycrows.be\/wp-content\/uploads\/2024\/10\/d8c24fcb-7f45-4356-bece-34f6ea7e60a0-1024x771.jpg?resize=525%2C395&#038;ssl=1\" alt=\"\" class=\"wp-image-523\" srcset=\"https:\/\/i0.wp.com\/spunkycrows.be\/wp-content\/uploads\/2024\/10\/d8c24fcb-7f45-4356-bece-34f6ea7e60a0.jpg?resize=1024%2C771&amp;ssl=1 1024w, https:\/\/i0.wp.com\/spunkycrows.be\/wp-content\/uploads\/2024\/10\/d8c24fcb-7f45-4356-bece-34f6ea7e60a0.jpg?resize=300%2C226&amp;ssl=1 300w, https:\/\/i0.wp.com\/spunkycrows.be\/wp-content\/uploads\/2024\/10\/d8c24fcb-7f45-4356-bece-34f6ea7e60a0.jpg?resize=768%2C578&amp;ssl=1 768w, https:\/\/i0.wp.com\/spunkycrows.be\/wp-content\/uploads\/2024\/10\/d8c24fcb-7f45-4356-bece-34f6ea7e60a0.jpg?resize=1536%2C1156&amp;ssl=1 1536w, https:\/\/i0.wp.com\/spunkycrows.be\/wp-content\/uploads\/2024\/10\/d8c24fcb-7f45-4356-bece-34f6ea7e60a0.jpg?resize=350%2C263&amp;ssl=1 350w, https:\/\/i0.wp.com\/spunkycrows.be\/wp-content\/uploads\/2024\/10\/d8c24fcb-7f45-4356-bece-34f6ea7e60a0.jpg?w=1600&amp;ssl=1 1600w\" sizes=\"auto, (max-width: 706px) 89vw, (max-width: 767px) 82vw, 740px\" \/><\/figure>\n\n<figure class=\"wp-block-image size-large\"><img data-recalc-dims=\"1\" loading=\"lazy\" decoding=\"async\" width=\"525\" height=\"230\" data-id=\"525\" src=\"https:\/\/i0.wp.com\/spunkycrows.be\/wp-content\/uploads\/2024\/10\/e6344a45-9617-46b8-9cb5-1dc5802a8f8a-1024x449.jpg?resize=525%2C230&#038;ssl=1\" alt=\"\" class=\"wp-image-525\" srcset=\"https:\/\/i0.wp.com\/spunkycrows.be\/wp-content\/uploads\/2024\/10\/e6344a45-9617-46b8-9cb5-1dc5802a8f8a.jpg?resize=1024%2C449&amp;ssl=1 1024w, https:\/\/i0.wp.com\/spunkycrows.be\/wp-content\/uploads\/2024\/10\/e6344a45-9617-46b8-9cb5-1dc5802a8f8a.jpg?resize=300%2C131&amp;ssl=1 300w, https:\/\/i0.wp.com\/spunkycrows.be\/wp-content\/uploads\/2024\/10\/e6344a45-9617-46b8-9cb5-1dc5802a8f8a.jpg?resize=768%2C336&amp;ssl=1 768w, https:\/\/i0.wp.com\/spunkycrows.be\/wp-content\/uploads\/2024\/10\/e6344a45-9617-46b8-9cb5-1dc5802a8f8a.jpg?resize=1536%2C673&amp;ssl=1 1536w, https:\/\/i0.wp.com\/spunkycrows.be\/wp-content\/uploads\/2024\/10\/e6344a45-9617-46b8-9cb5-1dc5802a8f8a.jpg?resize=350%2C153&amp;ssl=1 350w, https:\/\/i0.wp.com\/spunkycrows.be\/wp-content\/uploads\/2024\/10\/e6344a45-9617-46b8-9cb5-1dc5802a8f8a.jpg?w=1600&amp;ssl=1 1600w\" sizes=\"auto, (max-width: 706px) 89vw, (max-width: 767px) 82vw, 740px\" \/><\/figure>\n\n<figure class=\"wp-block-image size-large\"><img data-recalc-dims=\"1\" loading=\"lazy\" decoding=\"async\" width=\"525\" height=\"295\" data-id=\"518\" src=\"https:\/\/i0.wp.com\/spunkycrows.be\/wp-content\/uploads\/2024\/10\/0a0023b6-3479-4dc3-acc3-de6500170d3b-1-1024x576.jpg?resize=525%2C295&#038;ssl=1\" alt=\"\" class=\"wp-image-518\" srcset=\"https:\/\/i0.wp.com\/spunkycrows.be\/wp-content\/uploads\/2024\/10\/0a0023b6-3479-4dc3-acc3-de6500170d3b-1.jpg?resize=1024%2C576&amp;ssl=1 1024w, https:\/\/i0.wp.com\/spunkycrows.be\/wp-content\/uploads\/2024\/10\/0a0023b6-3479-4dc3-acc3-de6500170d3b-1.jpg?resize=300%2C169&amp;ssl=1 300w, https:\/\/i0.wp.com\/spunkycrows.be\/wp-content\/uploads\/2024\/10\/0a0023b6-3479-4dc3-acc3-de6500170d3b-1.jpg?resize=768%2C432&amp;ssl=1 768w, https:\/\/i0.wp.com\/spunkycrows.be\/wp-content\/uploads\/2024\/10\/0a0023b6-3479-4dc3-acc3-de6500170d3b-1.jpg?resize=1536%2C864&amp;ssl=1 1536w, https:\/\/i0.wp.com\/spunkycrows.be\/wp-content\/uploads\/2024\/10\/0a0023b6-3479-4dc3-acc3-de6500170d3b-1.jpg?resize=350%2C197&amp;ssl=1 350w, https:\/\/i0.wp.com\/spunkycrows.be\/wp-content\/uploads\/2024\/10\/0a0023b6-3479-4dc3-acc3-de6500170d3b-1.jpg?w=1599&amp;ssl=1 1599w\" sizes=\"auto, (max-width: 706px) 89vw, (max-width: 767px) 82vw, 740px\" \/><\/figure>\n\n<figure class=\"wp-block-image size-large\"><img data-recalc-dims=\"1\" loading=\"lazy\" decoding=\"async\" width=\"525\" height=\"295\" data-id=\"516\" src=\"https:\/\/i0.wp.com\/spunkycrows.be\/wp-content\/uploads\/2024\/10\/4f99061e-c23f-4b45-b04b-428da5f00bb2-1-1024x576.jpg?resize=525%2C295&#038;ssl=1\" alt=\"\" class=\"wp-image-516\" srcset=\"https:\/\/i0.wp.com\/spunkycrows.be\/wp-content\/uploads\/2024\/10\/4f99061e-c23f-4b45-b04b-428da5f00bb2-1.jpg?resize=1024%2C576&amp;ssl=1 1024w, https:\/\/i0.wp.com\/spunkycrows.be\/wp-content\/uploads\/2024\/10\/4f99061e-c23f-4b45-b04b-428da5f00bb2-1.jpg?resize=300%2C169&amp;ssl=1 300w, https:\/\/i0.wp.com\/spunkycrows.be\/wp-content\/uploads\/2024\/10\/4f99061e-c23f-4b45-b04b-428da5f00bb2-1.jpg?resize=768%2C432&amp;ssl=1 768w, https:\/\/i0.wp.com\/spunkycrows.be\/wp-content\/uploads\/2024\/10\/4f99061e-c23f-4b45-b04b-428da5f00bb2-1.jpg?resize=1536%2C864&amp;ssl=1 1536w, https:\/\/i0.wp.com\/spunkycrows.be\/wp-content\/uploads\/2024\/10\/4f99061e-c23f-4b45-b04b-428da5f00bb2-1.jpg?resize=350%2C197&amp;ssl=1 350w, https:\/\/i0.wp.com\/spunkycrows.be\/wp-content\/uploads\/2024\/10\/4f99061e-c23f-4b45-b04b-428da5f00bb2-1.jpg?w=1599&amp;ssl=1 1599w\" sizes=\"auto, (max-width: 706px) 89vw, (max-width: 767px) 82vw, 740px\" \/><\/figure>\n\n<div class=\"wp-block-image\"><figure class=\"aligncenter size-large\"><img data-recalc-dims=\"1\" loading=\"lazy\" decoding=\"async\" width=\"525\" height=\"295\" data-id=\"522\" src=\"https:\/\/i0.wp.com\/spunkycrows.be\/wp-content\/uploads\/2024\/10\/2f2692ad-8a3d-413c-a381-a92454279450-1-1024x576.jpg?resize=525%2C295&#038;ssl=1\" alt=\"\" class=\"wp-image-522\" srcset=\"https:\/\/i0.wp.com\/spunkycrows.be\/wp-content\/uploads\/2024\/10\/2f2692ad-8a3d-413c-a381-a92454279450-1.jpg?resize=1024%2C576&amp;ssl=1 1024w, https:\/\/i0.wp.com\/spunkycrows.be\/wp-content\/uploads\/2024\/10\/2f2692ad-8a3d-413c-a381-a92454279450-1.jpg?resize=300%2C169&amp;ssl=1 300w, https:\/\/i0.wp.com\/spunkycrows.be\/wp-content\/uploads\/2024\/10\/2f2692ad-8a3d-413c-a381-a92454279450-1.jpg?resize=768%2C432&amp;ssl=1 768w, https:\/\/i0.wp.com\/spunkycrows.be\/wp-content\/uploads\/2024\/10\/2f2692ad-8a3d-413c-a381-a92454279450-1.jpg?resize=1536%2C864&amp;ssl=1 1536w, https:\/\/i0.wp.com\/spunkycrows.be\/wp-content\/uploads\/2024\/10\/2f2692ad-8a3d-413c-a381-a92454279450-1.jpg?resize=350%2C197&amp;ssl=1 350w, https:\/\/i0.wp.com\/spunkycrows.be\/wp-content\/uploads\/2024\/10\/2f2692ad-8a3d-413c-a381-a92454279450-1.jpg?w=1920&amp;ssl=1 1920w\" sizes=\"auto, (max-width: 706px) 89vw, (max-width: 767px) 82vw, 740px\" \/><\/figure><\/div>\n\n<div class=\"wp-block-image\"><figure class=\"aligncenter size-large\"><img data-recalc-dims=\"1\" loading=\"lazy\" decoding=\"async\" width=\"525\" height=\"277\" data-id=\"510\" src=\"https:\/\/i0.wp.com\/spunkycrows.be\/wp-content\/uploads\/2024\/10\/aa910c86-5d54-4d61-9da1-f59abc10da83.jpg?resize=525%2C277&#038;ssl=1\" alt=\"\" class=\"wp-image-510\" srcset=\"https:\/\/i0.wp.com\/spunkycrows.be\/wp-content\/uploads\/2024\/10\/aa910c86-5d54-4d61-9da1-f59abc10da83.jpg?w=1017&amp;ssl=1 1017w, https:\/\/i0.wp.com\/spunkycrows.be\/wp-content\/uploads\/2024\/10\/aa910c86-5d54-4d61-9da1-f59abc10da83.jpg?resize=300%2C158&amp;ssl=1 300w, https:\/\/i0.wp.com\/spunkycrows.be\/wp-content\/uploads\/2024\/10\/aa910c86-5d54-4d61-9da1-f59abc10da83.jpg?resize=768%2C405&amp;ssl=1 768w, https:\/\/i0.wp.com\/spunkycrows.be\/wp-content\/uploads\/2024\/10\/aa910c86-5d54-4d61-9da1-f59abc10da83.jpg?resize=350%2C184&amp;ssl=1 350w\" sizes=\"auto, (max-width: 706px) 89vw, (max-width: 767px) 82vw, 740px\" \/><\/figure><\/div><\/figure><p><\/p>","protected":false},"excerpt":{"rendered":"<p>Cette fois-l\u00e0 c&rsquo;\u00e9tait au tour de l&rsquo;association \u00ab\u00a0Les lucioles asbl\u00a0\u00bb de se faire aider par surprise par les Spunky ! Apr\u00e8s plusieurs contacts avec la direction de l&rsquo;\u00e9tablissement qui, rappelons le, est un milieu d&rsquo;accueil inclusif ayant pour finalit\u00e9 principale la prise en charge quotidienne des enfants en situation de handicap et des enfants \u00ab\u00a0valides\u00a0\u00bb &hellip; <\/p>\n<p class=\"link-more\"><a href=\"https:\/\/spunkycrows.be\/?page_id=486\" class=\"more-link\">Continuer la lecture<span class=\"screen-reader-text\"> de &laquo;&nbsp;Balade \u00ab\u00a0Les Lucioles\u00a0\u00bb&nbsp;&raquo;<\/span><\/a><\/p>\n","protected":false},"author":5,"featured_media":0,"parent":0,"menu_order":0,"comment_status":"closed","ping_status":"closed","template":"","meta":{"advanced_seo_description":"","jetpack_seo_html_title":"","jetpack_seo_noindex":false,"footnotes":""},"class_list":["post-486","page","type-page","status-publish","hentry"],"jetpack_sharing_enabled":true,"_links":{"self":[{"href":"https:\/\/spunkycrows.be\/index.php?rest_route=\/wp\/v2\/pages\/486","targetHints":{"allow":["GET"]}}],"collection":[{"href":"https:\/\/spunkycrows.be\/index.php?rest_route=\/wp\/v2\/pages"}],"about":[{"href":"https:\/\/spunkycrows.be\/index.php?rest_route=\/wp\/v2\/types\/page"}],"author":[{"embeddable":true,"href":"https:\/\/spunkycrows.be\/index.php?rest_route=\/wp\/v2\/users\/5"}],"replies":[{"embeddable":true,"href":"https:\/\/spunkycrows.be\/index.php?rest_route=%2Fwp%2Fv2%2Fcomments&post=486"}],"version-history":[{"count":5,"href":"https:\/\/spunkycrows.be\/index.php?rest_route=\/wp\/v2\/pages\/486\/revisions"}],"predecessor-version":[{"id":607,"href":"https:\/\/spunkycrows.be\/index.php?rest_route=\/wp\/v2\/pages\/486\/revisions\/607"}],"wp:attachment":[{"href":"https:\/\/spunkycrows.be\/index.php?rest_route=%2Fwp%2Fv2%2Fmedia&parent=486"}],"curies":[{"name":"wp","href":"https:\/\/api.w.org\/{rel}","templated":true}]}}